the greatest common divisor of 28324 and 7226112?
388
Calculate the highest common factor of 6051212 and 3260.
652
Calculate the greatest common factor of 21467241 and 54.
27
What is the greatest common divisor of 2954014 and 387?
43
Calculate the greatest common divisor of 45885808 and 2570.
514
Calculate the highest common divisor of 46112 and 591203.
131
Calculate the greatest common divisor of 1355492 and 26628.
1268
What is the highest common divisor of 38261150 and 100?
50
Calculate the highest common divisor of 151170 and 11670.
30
What is the greatest common factor of 1559954 and 484?
22
Calculate the highest common divisor of 1459403 and 905.
181
Calculate the highest common divisor of 2990 and 6076278.
598
What is the highest common factor of 31396645 and 235600?
2945
Calculate the highest common factor of 437190 and 19732830.
7410
Calculate the greatest common factor of 10895545 and 820.
205
Calculate the highest common factor of 30452 and 1886.
46
What is the greatest common factor of 44355148 and 44?
4
Calculate the greatest common divisor of 65410 and 15190.
310
Calculate the greatest common factor of 11679 and 157097.
17
Calculate the greatest common divisor of 807376 and 5816.
8
Calculate the highest common factor of 300 and 40252.
4
Calculate the highest common factor of 6500252 and 176.
44
What is the highest common divisor of 9680 and 3261434?
242
Calculate the highest common factor of 326707183 and 44.
11
What is the highest common divisor of 978 and 728120022?
978
What is the greatest common divisor of 997640 and 26460?
980
What is the greatest common factor of 1089 and 63729?
9
What is the highest common factor of 4410 and 34445922?
294
Calculate the highest common divisor of 76878 and 12444.
6
Calculate the highest common factor of 172399567 and 4029.
1343
What is the greatest common divisor of 278 and 134389370?
278
Calculate the highest common divisor of 1176 and 7901936.
392
Calculate the greatest common divisor of 13533140 and 40.
20
Calculate the greatest common divisor of 11716453 and 8418.
1403
What is the highest common divisor of 8838 and 627842682?
8838
Calculate the greatest common factor of 2697 and 1233921.
87
Calculate the greatest common factor of 475782 and 176136.
1074
Calculate the highest common divisor of 6112799 and 65984.
1031
Calculate the highest common factor of 128 and 131153416.
8
Calculate the highest common factor of 110424015 and 279.
279
What is the highest common factor of 135913125 and 2514?
1257
What is the highest common factor of 21522 and 89097?
51
Calculate the highest common divisor of 512732 and 387.
43
Calculate the highest common divisor of 44964 and 119052.
36
What is the greatest common factor of 136607690 and 360?
10
Calculate the highest common factor of 390 and 1622270.
130
What is the greatest common divisor of 98 and 1388534?
14
What is the highest common divisor of 152229 and 18018?
231
What is the highest common divisor of 209368760 and 360?
40
What is the greatest common factor of 770 and 81220?
10
Calculate the highest common factor of 1951022 and 136.
34
What is the highest common divisor of 1893 and 145190576?
631
Calculate the highest common factor of 102110 and 200.
10
Calculate the greatest common divisor of 32228 and 7749.
7
What is the greatest common divisor of 47807312 and 7134?
2378
What is the greatest common factor of 119 and 113642773?
17
Calculate the highest common divisor of 2720 and 38664800.
2720
What is the greatest common factor of 47004 and 858888?
12
Calculate the greatest common factor of 1620 and 661110.
30
Calculate the highest common factor of 861678 and 27777.
591
Calculate the highest common factor of 20932290 and 780.
30
What is the greatest common divisor of 783980860 and 3380?
3380
Calculate the greatest common factor of 67987495 and 20.
5
Calculate the greatest common divisor of 4864 and 1130804.
76
What is the highest common factor of 27680 and 19283272?
1384
What is the greatest common factor of 15828910 and 1550?
310
What is the greatest common factor of 128 and 16280744?
8
What is the highest common factor of 951 and 23127?
3
What is the highest common factor of 125 and 58231475?
25
What is the greatest common factor of 1486741 and 7473707?
6667
Calculate the greatest common factor of 41807892 and 168.
84
What is the greatest common factor of 2430 and 102428145?
1215
Calculate the highest common factor of 12 and 22012836.
12
What is the greatest common divisor of 382785 and 3815175?
2535
What is the greatest common divisor of 92365 and 121051?
7
Calculate the highest common factor of 369 and 2380501.
41
Calculate the greatest common divisor of 59317477 and 2480.
31
Calculate the greatest common divisor of 1462722228 and 682.
682
What is the greatest common divisor of 409440 and 13560?
120
What is the greatest common factor of 782646976 and 128?
64
What is the greatest common factor of 71943490 and 1020?
170
Calculate the greatest common factor of 12 and 1929052.
4
What is the greatest common divisor of 1810800 and 53100?
900
What is the highest common divisor of 342601560 and 4761?
4761
Calculate the highest common divisor of 62802008 and 1016.
1016
What is the greatest common factor of 1691195 and 12125?
485
Calculate the greatest common factor of 22 and 984533594.
22
What is the highest common divisor of 987258 and 102680?
34
What is the greatest common factor of 970600 and 1200?
200
Calculate the highest common factor of 14704336 and 432.
16
What is the greatest common divisor of 64623056 and 80?
16
Calculate the highest common divisor of 826738036 and 92.
92
Calculate the greatest common factor of 2716387 and 19.
1
What is the greatest common factor of 40 and 4649456?
8
Calculate the greatest common factor of 16058 and 208320.
434
What is the highest common factor of 427137 and 182706?
2469
What is the highest common factor of 756 and 11022444?
36
Calculate the highest common factor of 1907916698 and 34.
34
Calculate the greatest common divisor of 205711 and 6589.
11
What is the highest common factor of 307888104 and 120?
24
What is the highest common divisor of 14518 and 5607994?
238
What is the greatest common factor of 521 and 5171?
1
What is the greatest common factor of 4710 and 355448?
314
What is the greatest common factor of 65910 and 767520?
390
Calculate the highest common divisor of 4752298 and 742.
106
What is the greatest common factor of 1060 and 84482?
106
Calculate the greatest common divisor of 47214253 and 629.
17
What is the greatest common factor of 179896320 and 56?
8
What is the greatest common factor of 2344437 and 155?
31
What is the highest common divisor of 2264887069 and 11642?
5821
What is the highest common factor of 4746127 and 582287?
3253
Calculate the highest common factor of 15 and 33960485.
5
Calculate the greatest common factor of 2753000 and 2525.
25
What is the highest common factor of 540627 and 1722258?
1761
Calculate the highest common factor of 15002 and 3137323254.
15002
What is the greatest common divisor of 8122396 and 476?
68
Calculate the greatest common factor of 8 and 74994120.
8
Calculate the greatest common factor of 38574760 and 10780.
980
Calculate the highest common factor of 30815416 and 22.
2
What is the highest common divisor of 2288496 and 107268?
84
Calculate the greatest common factor of 2927342209 and 7067.
7067
What is the greatest common factor of 153 and 89216?
17
Calculate the highest common divisor of 420600 and 14700.
300
Calculate the highest common divisor of 17514843 and 217389.
699
Calculate the greatest common divisor of 141960157 and 172.
43
Calculate the greatest common divisor of 274895494 and 3462.
1154
What is the greatest common factor of 5691 and 22743?
21
What is the highest common divisor of 14576 and 11741879?
911
What is the greatest common divisor of 118398 and 8975696?
5638
Calculate the greatest common divisor of 2 and 177672399.
1
Calculate the highest common divisor of 6799 and 14768.
13
What is the greatest common factor of 595 and 4112395?
35
What is the highest common factor of 446 and 403593205?
223
Calculate the greatest common divisor of 33660 and 191556.
612
What is the highest common divisor of 490 and 20216665?
245
What is the hi